{"id":98,"date":"2020-07-01T16:13:51","date_gmt":"2020-07-01T14:13:51","guid":{"rendered":"http:\/\/localhost\/dbs-steinfeld\/?page_id=98"},"modified":"2025-10-28T11:48:53","modified_gmt":"2025-10-28T10:48:53","slug":"wo-finde-ich-was","status":"publish","type":"page","link":"https:\/\/dbs-steinfeld.de\/?page_id=98","title":{"rendered":"Tipps\/Hilfen"},"content":{"rendered":"\t\t<div data-elementor-type=\"wp-page\" data-elementor-id=\"98\" class=\"elementor elementor-98\">\n\t\t\t\t\t\t<section class=\"elementor-section elementor-top-section elementor-element elementor-element-ff457c5 elementor-section-boxed elementor-section-height-default elementor-section-height-default\" data-id=\"ff457c5\" data-element_type=\"section\" data-e-type=\"section\">\n\t\t\t\t\t\t<div class=\"elementor-container elementor-column-gap-default\">\n\t\t\t\t\t<div class=\"elementor-column elementor-col-100 elementor-top-column elementor-element elementor-element-e1af232\" data-id=\"e1af232\" data-element_type=\"column\" data-e-type=\"column\">\n\t\t\t<div class=\"elementor-widget-wrap elementor-element-populated\">\n\t\t\t\t\t\t<div class=\"elementor-element elementor-element-ee628be elementor-widget elementor-widget-heading\" data-id=\"ee628be\" data-element_type=\"widget\" data-e-type=\"widget\" data-widget_type=\"heading.default\">\n\t\t\t\t<div class=\"elementor-widget-container\">\n\t\t\t\t\t<h2 class=\"elementor-heading-title elementor-size-default\">Tipps und Hifen<\/h2>\t\t\t\t<\/div>\n\t\t\t\t<\/div>\n\t\t\t\t<div class=\"elementor-element elementor-element-4bf195d elementor-widget elementor-widget-heading\" data-id=\"4bf195d\" data-element_type=\"widget\" data-e-type=\"widget\" data-widget_type=\"heading.default\">\n\t\t\t\t<div class=\"elementor-widget-container\">\n\t\t\t\t\t<h3 class=\"elementor-heading-title elementor-size-default\">Beratungsangebote und Informationen:<\/h3>\t\t\t\t<\/div>\n\t\t\t\t<\/div>\n\t\t\t\t<div class=\"elementor-element elementor-element-6abceb8 elementor-invisible elementor-widget elementor-widget-eael-adv-accordion\" data-id=\"6abceb8\" data-element_type=\"widget\" data-e-type=\"widget\" data-settings=\"{&quot;_animation&quot;:&quot;fadeIn&quot;}\" data-widget_type=\"eael-adv-accordion.default\">\n\t\t\t\t<div class=\"elementor-widget-container\">\n\t\t\t\t\t            <div class=\"eael-adv-accordion\" id=\"eael-adv-accordion-6abceb8\" data-scroll-on-click=\"no\" data-scroll-speed=\"300\" data-accordion-id=\"6abceb8\" data-accordion-type=\"toggle\" data-toogle-speed=\"300\">\n            <div class=\"eael-accordion-list\">\n\t\t\t\t\t<div id=\"jugendliche-strken\" class=\"elementor-tab-title eael-accordion-header\" tabindex=\"0\" data-tab=\"1\" aria-controls=\"elementor-tab-content-1111\"><span class=\"eael-advanced-accordion-icon-closed\"><i aria-hidden=\"true\" class=\"fa-accordion-icon fas fa-plus\"><\/i><\/span><span class=\"eael-advanced-accordion-icon-opened\"><i aria-hidden=\"true\" class=\"fa-accordion-icon fas fa-minus\"><\/i><\/span><span class=\"eael-accordion-tab-title\">\"Jugendliche st\u00e4rken\"<\/span><i aria-hidden=\"true\" class=\"fa-toggle fas fa-angle-right\"><\/i><\/div><div id=\"elementor-tab-content-1111\" class=\"eael-accordion-content clearfix\" data-tab=\"1\" aria-labelledby=\"jugendliche-strken\"><p>Onlineplattform des nds. Kultusministeriums, der Medical School Hamburg und des Landessch\u00fclerrats \u201eJugendliche st\u00e4rken \u2013 Gemeinsam stark in der Schule: F\u00fcr dich. F\u00fcr Andere.\u201c<\/p><p>Ein bundesweites vorbildliches Projekt zur F\u00f6rderung der psychischen Gesundheit im schulischen Kontext f\u00fcr Sch\u00fcler, Eltern und Lehrkr\u00e4fte.<\/p><p><a href=\"https:\/\/www.jugendlichestaerken-niedersachsen.de\">https:\/\/www.jugendlichestaerken-niedersachsen.de<\/a><\/p><\/div>\n\t\t\t\t\t<\/div><div class=\"eael-accordion-list\">\n\t\t\t\t\t<div id=\"caritas-beratungsstelle-fr-eltern-kinder-und-jugendliche-im-landkreis-vechta-vertraulich-freiwillig-und-kostenfrei\" class=\"elementor-tab-title eael-accordion-header\" tabindex=\"0\" data-tab=\"2\" aria-controls=\"elementor-tab-content-1112\"><span class=\"eael-advanced-accordion-icon-closed\"><i aria-hidden=\"true\" class=\"fa-accordion-icon fas fa-plus\"><\/i><\/span><span class=\"eael-advanced-accordion-icon-opened\"><i aria-hidden=\"true\" class=\"fa-accordion-icon fas fa-minus\"><\/i><\/span><span class=\"eael-accordion-tab-title\">Caritas-Beratungsstelle f\u00fcr Eltern, Kinder und Jugendliche im Landkreis Vechta (vertraulich, freiwillig und kostenfrei)<\/span><i aria-hidden=\"true\" class=\"fa-toggle fas fa-angle-right\"><\/i><\/div><div id=\"elementor-tab-content-1112\" class=\"eael-accordion-content clearfix\" data-tab=\"2\" aria-labelledby=\"caritas-beratungsstelle-fr-eltern-kinder-und-jugendliche-im-landkreis-vechta-vertraulich-freiwillig-und-kostenfrei\"><p><strong>Termine nach Vereinbarung:<\/strong><br \/>Tel.\u00a0 04441-87 07 690<br \/>E-Mail: <a href=\"mailto:beratungsstelle@caritas-sozialwerk.de\">beratungsstelle@caritas-sozialwerk.de<\/a>Neuer Markt 30, Vechta<\/p><p>Im S\u00fcdkreis:\u00a0 Tel. 05491- 99 64 39<\/p><\/div>\n\t\t\t\t\t<\/div><div class=\"eael-accordion-list\">\n\t\t\t\t\t<div id=\"jugendamt\" class=\"elementor-tab-title eael-accordion-header\" tabindex=\"0\" data-tab=\"3\" aria-controls=\"elementor-tab-content-1113\"><span class=\"eael-advanced-accordion-icon-closed\"><i aria-hidden=\"true\" class=\"fa-accordion-icon fas fa-plus\"><\/i><\/span><span class=\"eael-advanced-accordion-icon-opened\"><i aria-hidden=\"true\" class=\"fa-accordion-icon fas fa-minus\"><\/i><\/span><span class=\"eael-accordion-tab-title\">Jugendamt:<\/span><i aria-hidden=\"true\" class=\"fa-toggle fas fa-angle-right\"><\/i><\/div><div id=\"elementor-tab-content-1113\" class=\"eael-accordion-content clearfix\" data-tab=\"3\" aria-labelledby=\"jugendamt\"><p>Frau Asmu\u00df<\/p><p>Tel. 04441- 898 2133<\/p><p>E-Mail: 2133@landkreis-vechta.de<\/p><\/div>\n\t\t\t\t\t<\/div><div class=\"eael-accordion-list\">\n\t\t\t\t\t<div id=\"familienbro-im-rathaus-der-gemeinde-steinfeld\" class=\"elementor-tab-title eael-accordion-header\" tabindex=\"0\" data-tab=\"4\" aria-controls=\"elementor-tab-content-1114\"><span class=\"eael-advanced-accordion-icon-closed\"><i aria-hidden=\"true\" class=\"fa-accordion-icon fas fa-plus\"><\/i><\/span><span class=\"eael-advanced-accordion-icon-opened\"><i aria-hidden=\"true\" class=\"fa-accordion-icon fas fa-minus\"><\/i><\/span><span class=\"eael-accordion-tab-title\">Familienb\u00fcro im Rathaus der Gemeinde Steinfeld<\/span><i aria-hidden=\"true\" class=\"fa-toggle fas fa-angle-right\"><\/i><\/div><div id=\"elementor-tab-content-1114\" class=\"eael-accordion-content clearfix\" data-tab=\"4\" aria-labelledby=\"familienbro-im-rathaus-der-gemeinde-steinfeld\"><p>Ansprechpartnerin: Marion Varwig<\/p><p>Zimmer 13, Erdgeschoss<\/p><p>Am Rathausplatz 13, Steinfeld<\/p><p>Tel. 05492- 86 13<\/p><p>E-Mail: <a href=\"mailto:varwig@steinfeld.de\">varwig@steinfeld.de<\/a><\/p><\/div>\n\t\t\t\t\t<\/div><div class=\"eael-accordion-list\">\n\t\t\t\t\t<div id=\"jugendtreff-steinfeld\" class=\"elementor-tab-title eael-accordion-header\" tabindex=\"0\" data-tab=\"5\" aria-controls=\"elementor-tab-content-1115\"><span class=\"eael-advanced-accordion-icon-closed\"><i aria-hidden=\"true\" class=\"fa-accordion-icon fas fa-plus\"><\/i><\/span><span class=\"eael-advanced-accordion-icon-opened\"><i aria-hidden=\"true\" class=\"fa-accordion-icon fas fa-minus\"><\/i><\/span><span class=\"eael-accordion-tab-title\">Jugendtreff Steinfeld:<\/span><i aria-hidden=\"true\" class=\"fa-toggle fas fa-angle-right\"><\/i><\/div><div id=\"elementor-tab-content-1115\" class=\"eael-accordion-content clearfix\" data-tab=\"5\" aria-labelledby=\"jugendtreff-steinfeld\"><p>Am M\u00fchlenbach 20, Steinfeld<\/p><p>Tel. 05492- 981219<\/p><p>www.jugendtreff-steinfeld.de<\/p><\/div>\n\t\t\t\t\t<\/div><div class=\"eael-accordion-list\">\n\t\t\t\t\t<div id=\"drogen-alkohol-internet-suchtberatung\" class=\"elementor-tab-title eael-accordion-header\" tabindex=\"0\" data-tab=\"6\" aria-controls=\"elementor-tab-content-1116\"><span class=\"eael-advanced-accordion-icon-closed\"><i aria-hidden=\"true\" class=\"fa-accordion-icon fas fa-plus\"><\/i><\/span><span class=\"eael-advanced-accordion-icon-opened\"><i aria-hidden=\"true\" class=\"fa-accordion-icon fas fa-minus\"><\/i><\/span><span class=\"eael-accordion-tab-title\">Drogen, Alkohol, Internet Suchtberatung:<\/span><i aria-hidden=\"true\" class=\"fa-toggle fas fa-angle-right\"><\/i><\/div><div id=\"elementor-tab-content-1116\" class=\"eael-accordion-content clearfix\" data-tab=\"6\" aria-labelledby=\"drogen-alkohol-internet-suchtberatung\"><p>Neuer Markt 30, Vechta<\/p><p>Tel. 04441- 6533<br \/><strong>E-Mail: <\/strong><a href=\"mailto:suchtberatung@skm-vechta.de\">suchtberatung@skm-vechta.de<\/a><\/p><\/div>\n\t\t\t\t\t<\/div><div class=\"eael-accordion-list\">\n\t\t\t\t\t<div id=\"polizei-beratung\" class=\"elementor-tab-title eael-accordion-header\" tabindex=\"0\" data-tab=\"7\" aria-controls=\"elementor-tab-content-1117\"><span class=\"eael-advanced-accordion-icon-closed\"><i aria-hidden=\"true\" class=\"fa-accordion-icon fas fa-plus\"><\/i><\/span><span class=\"eael-advanced-accordion-icon-opened\"><i aria-hidden=\"true\" class=\"fa-accordion-icon fas fa-minus\"><\/i><\/span><span class=\"eael-accordion-tab-title\">Polizei Beratung:<\/span><i aria-hidden=\"true\" class=\"fa-toggle fas fa-angle-right\"><\/i><\/div><div id=\"elementor-tab-content-1117\" class=\"eael-accordion-content clearfix\" data-tab=\"7\" aria-labelledby=\"polizei-beratung\"><p><a href=\"http:\/\/www.polizei-beratung.de\">www.polizei-beratung.de<\/a><\/p><\/div>\n\t\t\t\t\t<\/div><div class=\"eael-accordion-list\">\n\t\t\t\t\t<div id=\"nummer-gegen-kummer-anonym-kostenlos\" class=\"elementor-tab-title eael-accordion-header\" tabindex=\"0\" data-tab=\"8\" aria-controls=\"elementor-tab-content-1118\"><span class=\"eael-advanced-accordion-icon-closed\"><i aria-hidden=\"true\" class=\"fa-accordion-icon fas fa-plus\"><\/i><\/span><span class=\"eael-advanced-accordion-icon-opened\"><i aria-hidden=\"true\" class=\"fa-accordion-icon fas fa-minus\"><\/i><\/span><span class=\"eael-accordion-tab-title\">Nummer gegen Kummer  (anonym &amp; kostenlos)<\/span><i aria-hidden=\"true\" class=\"fa-toggle fas fa-angle-right\"><\/i><\/div><div id=\"elementor-tab-content-1118\" class=\"eael-accordion-content clearfix\" data-tab=\"8\" aria-labelledby=\"nummer-gegen-kummer-anonym-kostenlos\"><p>Kinder- und Jugendtelefon: 116 111<\/p><p>E-Mail Beratung unter: <a href=\"http:\/\/www.nummergegenkummer.de\">www.nummergegenkummer.de<\/a><\/p><p>F\u00fcr Eltern: 0800 111 0550<\/p><\/div>\n\t\t\t\t\t<\/div><div class=\"eael-accordion-list\">\n\t\t\t\t\t<div id=\"andere-informationen-im-internet\" class=\"elementor-tab-title eael-accordion-header\" tabindex=\"0\" data-tab=\"9\" aria-controls=\"elementor-tab-content-1119\"><span class=\"eael-advanced-accordion-icon-closed\"><i aria-hidden=\"true\" class=\"fa-accordion-icon fas fa-plus\"><\/i><\/span><span class=\"eael-advanced-accordion-icon-opened\"><i aria-hidden=\"true\" class=\"fa-accordion-icon fas fa-minus\"><\/i><\/span><span class=\"eael-accordion-tab-title\">Andere Informationen im Internet:<\/span><i aria-hidden=\"true\" class=\"fa-toggle fas fa-angle-right\"><\/i><\/div><div id=\"elementor-tab-content-1119\" class=\"eael-accordion-content clearfix\" data-tab=\"9\" aria-labelledby=\"andere-informationen-im-internet\"><p><a href=\"http:\/\/www.jugendschutz-niedersachsen.de\">www.jugendschutz-niedersachsen.de<\/a><\/p><p><a href=\"http:\/\/www.klicksafe.de\/\">www.klicksafe.de\/<\/a><\/p><p><a href=\"http:\/\/www.juuuport.de\/beratung\">www.juuuport.de\/beratung<\/a><\/p><\/div>\n\t\t\t\t\t<\/div><\/div>\t\t\t\t<\/div>\n\t\t\t\t<\/div>\n\t\t\t\t\t<\/div>\n\t\t<\/div>\n\t\t\t\t\t<\/div>\n\t\t<\/section>\n\t\t\t\t<\/div>\n\t\t","protected":false},"excerpt":{"rendered":"<p>Tipps und Hifen Beratungsangebote und Informationen: &#8222;Jugendliche st\u00e4rken&#8220; Onlineplattform des nds. Kultusministeriums, der Medical School Hamburg und des Landessch\u00fclerrats \u201eJugendliche st\u00e4rken \u2013 Gemeinsam stark in der Schule: F\u00fcr dich. F\u00fcr Andere.\u201c Ein bundesweites vorbildliches Projekt zur F\u00f6rderung der psychischen Gesundheit im schulischen Kontext f\u00fcr Sch\u00fcler, Eltern und Lehrkr\u00e4fte. https:\/\/www.jugendlichestaerken-niedersachsen.de Caritas-Beratungsstelle f\u00fcr Eltern, Kinder und Jugendliche [&hellip;]<\/p>\n","protected":false},"author":1,"featured_media":0,"parent":0,"menu_order":0,"comment_status":"closed","ping_status":"closed","template":"","meta":{"footnotes":""},"class_list":["post-98","page","type-page","status-publish","hentry","entry"],"_links":{"self":[{"href":"https:\/\/dbs-steinfeld.de\/index.php?rest_route=\/wp\/v2\/pages\/98","targetHints":{"allow":["GET"]}}],"collection":[{"href":"https:\/\/dbs-steinfeld.de\/index.php?rest_route=\/wp\/v2\/pages"}],"about":[{"href":"https:\/\/dbs-steinfeld.de\/index.php?rest_route=\/wp\/v2\/types\/page"}],"author":[{"embeddable":true,"href":"https:\/\/dbs-steinfeld.de\/index.php?rest_route=\/wp\/v2\/users\/1"}],"replies":[{"embeddable":true,"href":"https:\/\/dbs-steinfeld.de\/index.php?rest_route=%2Fwp%2Fv2%2Fcomments&post=98"}],"version-history":[{"count":25,"href":"https:\/\/dbs-steinfeld.de\/index.php?rest_route=\/wp\/v2\/pages\/98\/revisions"}],"predecessor-version":[{"id":3476,"href":"https:\/\/dbs-steinfeld.de\/index.php?rest_route=\/wp\/v2\/pages\/98\/revisions\/3476"}],"wp:attachment":[{"href":"https:\/\/dbs-steinfeld.de\/index.php?rest_route=%2Fwp%2Fv2%2Fmedia&parent=98"}],"curies":[{"name":"wp","href":"https:\/\/api.w.org\/{rel}","templated":true}]}}